
Calculate the remainder when 22017 is divided by 3801.
3012
What is the remainder when 3420877 is divided by 3505?
3502
Calculate the remainder when 15642311 is divided by 2032.
2007
What is the remainder when 8066369 is divided by 2688780?
29
Calculate the remainder when 27956560 is divided by 105.
100
What is the remainder when 44146824 is divided by 13?
7
What is the remainder when 49560955 is divided by 2102?
2101
Calculate the remainder when 28353419 is divided by 5670680.
19
Calculate the remainder when 56960469 is divided by 204.
201
Calculate the remainder when 96024 is divided by 3111.
2694
Calculate the remainder when 601950 is divided by 2593.
374
Calculate the remainder when 7810682 is divided by 1424.
42
What is the remainder when 453446 is divided by 32377?
168
Calculate the remainder when 738649 is divided by 1447.
679
What is the remainder when 1165237 is divided by 153?
142
Calculate the remainder when 1697406 is divided by 4004.
3714
Calculate the remainder when 423804 is divided by 20.
4
What is the remainder when 4591398 is divided by 36?
30
What is the remainder when 9298879 is divided by 34697?
83
What is the remainder when 736638 is divided by 368302?
34
Calculate the remainder when 59587723 is divided by 5925.
5923
What is the remainder when 39495 is divided by 9491?
1531
What is the remainder when 553208 is divided by 138284?
72
Calculate the remainder when 284462601 is divided by 219.
216
What is the remainder when 2152248 is divided by 25?
23
Calculate the remainder when 1209983 is divided by 44.
27
Calculate the remainder when 63174117 is divided by 7107.
7101
Calculate the remainder when 539412 is divided by 2531.
309
Calculate the remainder when 231583 is divided by 231326.
257
Calculate the remainder when 373868 is divided by 6967.
4617
What is the remainder when 218895 is divided by 3418?
143
Calculate the remainder when 341996 is divided by 3192.
452
Calculate the remainder when 146049 is divided by 14567.
379
What is the remainder when 9556 is divided by 8632?
924
Calculate the remainder when 1793778 is divided by 2464.
2450
Calculate the remainder when 252761 is divided by 84069.
554
Calculate the remainder when 235978 is divided by 8408.
554
What is the remainder when 2405159 is divided by 67?
60
What is the remainder when 325853 is divided by 9026?
917
Calculate the remainder when 145301 is divided by 143536.
1765
Calculate the remainder when 45949 is divided by 478.
61
What is the remainder when 3418553 is divided by 1139374?
431
What is the remainder when 37338 is divided by 37292?
46
Calculate the remainder when 2459986 is divided by 30.
16
What is the remainder when 2510902 is divided by 670?
412
Calculate the remainder when 1010402 is divided by 426.
356
What is the remainder when 25018374 is divided by 8339454?
12
Calculate the remainder when 24151375 is divided by 20.
15
What is the remainder when 53304 is divided by 1185?
1164
What is the remainder when 1020270 is divided by 1577?
1528
Calculate the remainder when 2977971 is divided by 74442.
291
Calculate the remainder when 50369439 is divided by 8.
7
What is the remainder when 633417 is divided by 483?
204
Calculate the remainder when 1060624 is divided by 92.
48
Calculate the remainder when 106532 is divided by 2688.
1700
Calculate the remainder when 45074 is divided by 43.
10
What is the remainder when 1440349 is divided by 2522?
287
What is the remainder when 3399627 is divided by 10?
7
What is the remainder when 3633562 is divided by 31?
21
Calculate the remainder when 3439493 is divided by 245661.
239
Calculate the remainder when 8551260 is divided by 32.
28
What is the remainder when 874989 is divided by 9610?
479
What is the remainder when 65731 is divided by 143?
94
What is the remainder when 16203683 is divided by 506365?
3
Calculate the remainder when 596669 is divided by 85237.
10
What is the remainder when 1906669 is divided by 100350?
19
What is the remainder when 20787380 is divided by 19?
12
What is the remainder when 195047367 is divided by 36?
15
Calculate the remainder when 14687377 is divided by 4.
1
Calculate the remainder when 148158 is divided by 365.
333
Calculate the remainder when 56109788 is divided by 2606.
2
What is the remainder when 165323 is divided by 80760?
3803
What is the remainder when 20420386 is divided by 210?
196
What is the remainder when 22606329 is divided by 161?
158
What is the remainder when 6504938 is divided by 14234?
0
Calculate the remainder when 1766623 is divided by 82.
15
Calculate the remainder when 45328764 is divided by 17461.
8
What is the remainder when 639613 is divided by 73?
60
Calculate the remainder when 7661148 is divided by 106.
104
What is the remainder when 34146360 is divided by 55?
50
Calculate the remainder when 68151 is divided by 4174.
1367
What is the remainder when 68326 is divided by 2263?
436
What is the remainder when 14695818 is divided by 104?
98
What is the remainder when 34291879 is divided by 40?
39
Calculate the remainder when 2440091 is divided by 7396.
6807
Calculate the remainder when 671516243 is divided by 41.
39
Calculate the remainder when 58808 is divided by 58342.
466
What is the remainder when 104438321 is divided by 3962?
1
Calculate the remainder when 33375868 is divided by 40.
28
What is the remainder when 84785313 is divided by 185?
183
What is the remainder when 405526 is divided by 20268?
166
Calculate the remainder when 3018013 is divided by 1242.
1195
What is the remainder when 394512 is divided by 2391?
2388
Calculate the remainder when 2114237 is divided by 77.
48
What is the remainder when 660257 is divided by 3817?
3733
Calculate the remainder when 13631 is divided by 469.
30
What is the remainder when 1327645 is divided by 1327643?
2
Calculate the remainder when 1692117 is divided by 1416.
1413
Calculate the remainder when 9499273 is divided by 593.
6
What is the remainder when 4290145 is divided by 470?
455
What is the remainder when 47678980 is divided by 1901?
1900
What is the remainder when 96067 is divided by 47965?
137
Calculate the remainder when 346141 is divided by 329.
33
What is the remainder when 157656719 is divided by 4485?
4484
Calculate the remainder when 608956 is divided by 2970.
106
Calculate the remainder when 239372 is divided by 286.
276
What is the remainder when 253826 is divided by 19524?
14
Calculate the remainder when 192550344 is divided by 50.
44
What is the remainder when 2265942 is divided by 15627?
27
What is the remainder when 17624586 is divided by 927609?
15
What is the remainder when 22948147 is divided by 3255?
397
Calculate the remainder when 21028761 is divided by 629.
33
Calculate the remainder when 119192 is divided by 73.
56
What is the remainder when 1167634 is divided by 41?
36
Calculate the remainder when 5080594 is divided by 1631.
29
What is the remainder when 19358956 is divided by 20906?
0
What is the remainder when 123068 is divided by 3397?
776
What is the remainder when 15416907 is divided by 31?
18
What is the remainder when 157106 is divided by 280?
26
Calculate the remainder when 741568 is divided by 20.
8
What is the remainder when 3051176 is divided by 96?
8
What is the remainder when 2545422 is divided by 363593?
271
Calculate the remainder when 27232845 is divided by 72.
69
Calculate the remainder when 38885 is divided by 1568.
1253
Calculate the remainder when 1382684 is divided by 460881.
41
Calculate the remainder when 690396 is divided by 4159.
2
What is the remainder when 151417 is divided by 4851?
1036
Calculate the remainder when 330851 is divided by 10338.
35
Calculate the remainder when 3574640 is divided by 109.
94
What is the remainder when 31907158 is divided by 4558160?
38
Calculate the remainder when 34058306 is divided by 8044.
10
Calculate the remainder when 321441 is divided by 9183.
36
What is the remainder when 911077 is divided by 234?
115
What is the remainder when 773950 is divided by 773938?
12
Calculate the remainder when 1259478 is divided by 37043.
16
Calculate the remainder when 1946498 is divided by 890.
68
What is the remainder when 1193491 is divided by 152?
139
Calculate the remainder when 30122462 is divided by 7.
6
Calculate the remainder when 240